
Is 146533601 prime?
True
Is 32237014807 a prime number?
False
Is 339232493 a composite number?
False
Is 10532648599 a composite number?
True
Is 16203863791 composite?
True
Is 3575510969 prime?
True
Is 147105971 composite?
True
Is 8737292009 composite?
True
Is 4293178103 a composite number?
False
Is 38775367013 a prime number?
True
Is 679710851 a composite number?
True
Is 3617029547 a composite number?
False
Is 4492838033 a prime number?
False
Is 9044457953 a composite number?
True
Is 1673040701 a prime number?
True
Is 28878203 a composite number?
True
Is 1071200293 a composite number?
False
Is 31143819209 a prime number?
True
Is 542008097 a prime number?
False
Is 6825495973 prime?
True
Is 36698607241 prime?
True
Is 5241031 a composite number?
True
Is 1246777577 a composite number?
False
Is 99348529433 prime?
True
Is 108756007235 prime?
False
Is 1487218237 a prime number?
True
Is 17690998981 prime?
True
Is 55418137 a prime number?
False
Is 23545870609 a prime number?
True
Is 319675231 prime?
False
Is 46653387202 a prime number?
False
Is 17879082145 prime?
False
Is 1063580851 prime?
False
Is 3191170942 a prime number?
False
Is 200704709 a prime number?
True
Is 16144358141 a composite number?
False
Is 10493850121 a prime number?
False
Is 232233901 a composite number?
False
Is 22089359797 composite?
False
Is 92608821659 composite?
True
Is 10912597801 composite?
True
Is 110911300403 prime?
False
Is 113606173 composite?
True
Is 26715032549 a prime number?
False
Is 2387928799 a composite number?
False
Is 2853183401 a composite number?
True
Is 5215367201 prime?
False
Is 61550803 a prime number?
False
Is 111431287 composite?
True
Is 722188501 prime?
False
Is 8923708369 composite?
False
Is 5415240293 a composite number?
True
Is 401054903 prime?
True
Is 620206919 composite?
True
Is 816233791 a composite number?
True
Is 1535165213 composite?
True
Is 202644840999 composite?
True
Is 8532048107 prime?
False
Is 553250999 prime?
False
Is 297816131 composite?
False
Is 735191533 prime?
False
Is 934534613 a prime number?
True
Is 2478889793 a composite number?
False
Is 6752775191 a composite number?
False
Is 1052964413 prime?
True
Is 6357986119 a composite number?
False
Is 6667635113 prime?
True
Is 5337288763 a prime number?
True
Is 135073539283 composite?
False
Is 161216849 a composite number?
False
Is 1431821309 composite?
True
Is 2540639957 prime?
False
Is 6243356897 a prime number?
False
Is 7221458427 prime?
False
Is 61943991233 a prime number?
True
Is 42637528201 prime?
True
Is 1208319577 prime?
True
Is 1299002101 composite?
True
Is 1622898197 composite?
True
Is 156535021 composite?
False
Is 26029202539 composite?
True
Is 71089064017 a composite number?
False
Is 6175177177 a composite number?
True
Is 3099639743 composite?
False
Is 2003330573 a composite number?
True
Is 296882483 a composite number?
True
Is 776621029 prime?
False
Is 483133507 a prime number?
False
Is 16565298689 a prime number?
False
Is 16068610841 prime?
False
Is 21375418973 prime?
True
Is 3417174177 composite?
True
Is 12919962631 a prime number?
True
Is 1777619737 a composite number?
False
Is 5960355757 a composite number?
True
Is 61285143913 a composite number?
True
Is 12344726461 a prime number?
True
Is 4253090863 composite?
True
Is 44884090907 a prime number?
True
Is 2911158409 prime?
False
Is 32534075701 composite?
True
Is 4073405191 a prime number?
True
Is 41425395607 a composite number?
False
Is 276507051 a composite number?
True
Is 904332509 a composite number?
False
Is 4812313543 a composite number?
False
Is 15297699193 a composite number?
True
Is 127883521 prime?
True
Is 173754521 prime?
True
Is 52024055 a composite number?
True
Is 339948601 prime?
True
Is 7668193177 composite?
True
Is 432484597 a prime number?
False
Is 29419035281 composite?
False
Is 582003407 a prime number?
False
Is 768949841 composite?
True
Is 7579297498 composite?
True
Is 683676733 prime?
False
Is 1244811599 composite?
False
Is 2781263089 a prime number?
False
Is 11532632147 prime?
False
Is 100887005137 composite?
True
Is 1597009798 a composite number?
True
Is 109565738639 a composite number?
True
Is 88973626463 composite?
False
Is 2255785573 a prime number?
False
Is 1438837753 a composite number?
False
Is 327596445793 composite?
True
Is 4321932305 a prime number?
False
Is 2387380987 a composite number?
False
Is 2216047397 a composite number?
False
Is 258979006295 a prime number?
False
Is 19246912337 prime?
True
Is 5011263431 a prime number?
True
Is 1113542741 a prime number?
True
Is 141996891331 a prime number?
True
Is 115283951 a prime number?
True
Is 27687113 composite?
True
Is 14455315915 prime?
False
Is 15254795953 prime?
True
Is 101003475583 a composite number?
False
Is 34545536591 a composite number?
True
Is 39321639193 a prime number?
False
Is 3412919833 composite?
False
Is 43480777421 a composite number?
True
Is 67308227179 a composite number?
True
Is 6606957671 a prime number?
True
Is 5382577067 composite?
True
Is 25597270779 a composite number?
True
Is 309775757 composite?
False
Is 274181207 a composite number?
True
Is 60913173983 a composite number?
False
Is 48052237291 a composite number?
True
Is 11631841763 prime?
True
Is 142656300355 composite?
True
Is 1234757593 a composite number?
False
Is 7136370499 a prime number?
True
Is 20904200237 prime?
False
Is 8123725297 prime?
True
Is 324332809 composite?
True
Is 19826815873 a prime number?
True
Is 916687309 a composite number?
True
Is 45325936933 composite?
False
Is 2823308267 a composite number?
True
Is 679763179 prime?
True
Is 4291581601 composite?
False
Is 175098783 composite?
True
Is 27336854423 a composite number?
False
Is 919817117 prime?
True
Is 3303637459 composite?
False
Is 2182765603 composite?
False
Is 2925237793 a composite number?
False
Is 490347479 a prime number?
True
Is 49077807517 a prime number?
True
Is 13048154557 prime?
True
Is 295900667 a prime number?
True
Is 244560640417 a prime number?
False
Is 26107243573 a prime number?
False
Is 572830613 a composite number?
False
Is 53026356091 a prime number?
False
Is 1307061761 composite?
True
Is 4428991583 a prime number?
True
Is 426573931 composite?
True
Is 56545090627 composite?
False
Is 672920551 a prime number?
True
Is 826527623 prime?
True
Is 692508113 composite?
True
Is 6851194073 prime?
False
Is 14415997417 a prime number?
True
Is 2443852283 a composite number?
False
Is 466125533 prime?
False
Is 28257871351 composite?
False
Is 748572449 composite?
True
Is 16691525101 a prime number?
False
Is 40494977797 prime?
False
Is 638372087 composite?
False
Is 1100189317 prime?
False
Is 563140273 composite?
False
Is 434683057 composite?
False
Is 72762537229 a prime number?
True
Is 42919786783 prime?
True
Is 81017555491 composite?
False
Is 65587363307 a composite number?
True
Is 41625063133 a composite number?
True
Is 167648519 prime?
True
Is 31449414091 a prime number?
True
Is 6678262429 a composite number?
True
Is 76093913589 composite?
True
Is 26503196191 composite?
True
Is 75162170723 prime?
False
Is 59986259419 prime?
False
Is 3289428371 a composite number?
True
Is 6357506057 prime?
False
Is 2848450421 prime?
False
Is 16161114103 a prime number?
True
Is 868586405 composite?
True
Is 10499029147 composite?
False
Is 3772436347 a prime number?
True
Is 27182026507 a prime number?
False
Is 24620509 a composite number?
False
Is 3480757043 prime?
False
Is 8082043063 a prime number?
True
Is 9698557681 prime?
False
Is 595695253 a composite number?
True
Is 1643474329 a composite number?
True
Is 3486984043 composite?
False
Is 10064904337 composite?
True
Is 3925851323 composite?
False
Is 300911243 composite?
True
Is 18385382305 a composite number?
True
Is 6358536355 a prime number?
False
Is 7026524279 a prime number?
False
Is 165161116777 prime?
True
Is 3095442221 prime?
True
Is 14265434957 composite?
True
Is 272720941 a composite number?
True
Is 197838155 a composite number?
True
Is 5149841503 a composite number?
True
Is 121437059 prime?
False
Is 865187179 prime?
True
Is 1098680707 prime?
False
Is 33765671029 a composite number?
False
Is 957861579 composite?
True
Is 11489062513 a composite number?
True
Is 1570740673 composite?
True
Is 6265760113 a composite number?
False
Is 686332639 composite?
